lse
Is 239233015 a multiple of 3794?
False
Is 10 a factor of 41631463?
False
Is 205 a factor of 256307302?
False
Is 189175132 a multiple of 13?
False
Is 121174589 a multiple of 6?
False
Is 77 a factor of 235332867?
True
Is 48959 even?
False
Does 1392 divide 146410560?
True
Is 44 a factor of 35133692?
True
Is 38454320 a multiple of 40?
True
Does 4 divide 16864362?
False
Is 3 a factor of 1393177?
False
Is 200 a factor of 34944291?
False
Is 1172 a factor of 56631040?
True
Is 113 a factor of 161247836?
True
Is 6 a factor of 821562?
True
Is 321504063 a multiple of 5?
False
Does 23 divide 169207589?
False
Is 24677966 a multiple of 106?
True
Is 6 a factor of 440647986?
True
Is 29 a factor of 41311660?
True
Does 21 divide 3274914?
False
Is 127 a factor of 4503293?
True
Is 33818850 a multiple of 2538?
True
Is 478 a factor of 148474926?
True
Does 200 divide 2551896?
False
Is 500221360 a multiple of 8?
True
Is 43230918 a multiple of 397?
True
Is 13 a factor of 10060657?
False
Does 324 divide 15752522?
False
Does 37 divide 472345367?
True
Does 2030 divide 41079686?
False
Does 20 divide 25635597?
False
Does 11 divide 47743306?
False
Does 3578 divide 2213268761?
False
Is 2354 a factor of 127165434?
True
Is 341 a factor of 33402996?
True
Is 3110537958 a multiple of 5556?
False
Is 37 a factor of 2650926161?
True
Does 53 divide 1275074167?
False
Is 1453895919 a multiple of 2709?
True
Is 224 a factor of 589512639?
False
Does 9500 divide 6766288706?
False
Is 2632559 a multiple of 69?
False
Does 13 divide 19483009?
True
Is 19090600 a multiple of 20?
True
Is 196 a factor of 30358204?
False
Is 314916689 a multiple of 2618?
False
Is 73 a factor of 25323511?
False
Does 454 divide 626547694?
True
Is 112931927 a multiple of 9?
False
Is 66988840 a multiple of 632?
True
Is 2759 a factor of 175803480?
True
Is 5 a factor of 7451134?
False
Does 1195 divide 572256191?
False
Does 6340 divide 120840029?
False
Does 35 divide 18507090?
True
Is 397951920 a multiple of 629?
False
Is 2 a factor of 669049?
False
Is 587 a factor of 18959248?
False
Is 363559680 a multiple of 352?
True
Does 46 divide 443295064?
False
Is 297804675 a multiple of 185?
True
Is 54 a factor of 355804861?
False
Is 398715812 a multiple of 428?
True
Does 5 divide 1108411879?
False
Is 2177500 a multiple of 8?
False
Is 180926432 a multiple of 2528?
True
Is 2714 a factor of 3121745932?
True
Is 7 a factor of 8375370?
False
Is 71286862 a multiple of 133?
False
Is 102 a factor of 15772694?
False
Is 227810515 a multiple of 145?
True
Is 824191424 a multiple of 14?
True
Is 96 a factor of 1808285856?
True
Is 104 a factor of 2428074632?
False
Does 47 divide 21374517?
False
Does 16 divide 307204807?
False
Is 275 a factor of 307783850?
True
Is 160026794 a multiple of 991?
False
Is 16651376 a multiple of 134?
True
Does 30 divide 319424218?
False
Does 653 divide 240408480?
True
Is 198 a factor of 50049397?
False
Is 112 a factor of 115778768?
True
Does 1283 divide 10237057?
True
Is 13 a factor of 225975899?
False
Does 227 divide 474231708?
False
Is 240 a factor of 18321136?
False
Is 12 a factor of 29617684?
False
Is 283150653 a multiple of 734?
False
Is 1106 a factor of 470610290?
False
Is 779 a factor of 49090243?
True
Is 180 a factor of 104345131?
False
Is 668496682 a multiple of 3170?
False
Is 62298115 a multiple of 55?
True
Is 154615336 a multiple of 8?
True
Does 3539 divide 86701961?
True
Is 232893931 a multiple of 17?
True
Does 2211 divide 40899078?
True
Is 15120365 a multiple of 5?
True
Is 440 a factor of 116022339?
False
Is 2457 a factor of 261713244?
False
Is 748 a factor of 1077120?
True
Is 93768350 a multiple of 130?
True
Is 1534471255 a multiple of 1951?
True
Is 93 a factor of 2221295463?
False
Is 1610934980 a multiple of 436?
True
Is 23227050 a multiple of 825?
True
Does 71 divide 68404650?
False
Is 388 a factor of 584854884?
False
Does 3665 divide 1295162510?
False
Is 61933589 a multiple of 7481?
False
Does 469 divide 30535315?
False
Is 1180 a factor of 756015118?
False
Is 2115984005 a multiple of 7049?
False
Is 86 a factor of 442532732?
False
Is 461143471 a multiple of 551?
True
Is 498 a factor of 19757201?
False
Does 9 divide 90613791?
True
Is 315 a factor of 385607880?
True
Is 7587271106 a multiple of 1480?
False
Is 156 a factor of 1984143475?
False
Does 16 divide 29606331?
False
Is 91 a factor of 11647090?
True
Is 21 a factor of 216479623?
False
Does 142 divide 485229327?
False
Is 26671750 a multiple of 25?
True
Is 25 a factor of 6783985?
False
Is 16601066 a multiple of 6?
False
Is 24 a factor of 58773216?
True
Is 337621427 a multiple of 3029?
True
Does 646 divide 6064675?
False
Is 12 a factor of 310445079?
False
Is 40324242 a multiple of 4?
False
Is 792710640 a multiple of 3506?
False
Does 277 divide 236322250?
False
Is 71 a factor of 66942776?
True
Is 67 a factor of 90505447?
False
Does 4576 divide 2348812062?
False
Is 52 a factor of 530042396?
True
Is 131 a factor of 3248113167?
True
Is 34 a factor of 568073462?
True
Is 50 a factor of 507079650?
True
Does 156 divide 28767024?
True
Is 551555496 a multiple of 3611?
False
Is 590584791 a multiple of 444?
False
Is 2556 a factor of 270118080?
True
Does 1937 divide 340341954?
False
Does 95 divide 350436831?
False
Is 13 a factor of 38206623?
True
Is 7056 a factor of 130126752?
True
Is 52814298 a multiple of 244?
False
Is 38798810 a multiple of 19?
False
Is 205889293 a multiple of 2?
False
Is 44129460 a multiple of 10?
True
Is 33771399 a multiple of 2762?
False
Is 52503037 a multiple of 2308?
False
Does 366 divide 6827730?
True
Is 9 a factor of 1450203849?
True
Is 39809866 a multiple of 29?
True
Is 141690125 a multiple of 475?
True
Does 1593 divide 85254174?
True
Does 16 divide 4257144224?
True
Is 240 a factor of 15614745?
False
Is 276 a factor of 123650760?
True
Is 40 a factor of 94354840?
True
Is 24767622 a multiple of 85?
False
Does 186 divide 2663434?
False
Is 37 a factor of 134523847?
False
Is 47 a factor of 41087496?
False
Is 1296439380 a multiple of 8620?
True
Is 2071 a factor of 161221962?
False
Does 5615 divide 369792670?
True
Does 6 divide 23246011?
False
Does 4 divide 649945864?
True
Is 108892313 a multiple of 163?
True
Is 776 a factor of 74474984?
False
Is 476 a factor of 323274153?
False
Does 422 divide 22720480?
True
Does 1049 divide 34234364?
False
Does 285 divide 16404600?
True
Does 474 divide 24578322?
True
Is 50111063 a multiple of 28?
False
Does 2911 divide 1782673112?
True
Is 326192828 a multiple of 3068?
True
Is 74 a factor of 293024832?
False
Is 727271792 a multiple of 16?
True
Does 1066 divide 73120138?
True
Does 1410 divide 42051574?
False
Is 5814886 a multiple of 427?
True
Is 9780670 a multiple of 996?
False
Is 31100117 a multiple of 39?
False
Does 31 divide 308224847?
True
Is 30486184 a multiple of 44?
False
Is 282795674 a multiple of 959?
True
Does 203 divide 223630230?
False
Does 17 divide 1346849157?
True
Does 9 divide 34277865?
False
Is 41 a factor of 32330236?
False
Is 5 a factor of 1099840849?
False
Is 9 a factor of 219035808?
True
Is 2281 a factor of 28425822?
True
Is 30 a factor of 67292255?
False
Is 261049 a multiple of 929?
True
Is 2 a factor of 255227?
False
Is 2135 a factor of 494993345?
True
Does 155 divide 4400450?
True
Is 1254 a factor of 28530109?
False
Is 391 a factor of 32601943?
False
Is 120044070 a multiple of 14?
False
Is 94446684 a multiple of 2393?
False
Does 21 divide 307361332?
False
Is 3990 a factor of 1461621155?
False
Is 17970880 a multiple of 160?
True
Does 250 divide 2016495250?
True
Does 205 divide 1351373940?
True
Is 70 a factor of 83133483?
False
Is 8422749 a multiple of 1339?
False
Is 10804043 a multiple of 113?
True
Is 14 a factor of 41052001?
False
Is 352 a factor of 193193?
False
Is 1082 a factor of 110959601?
False
Is 362981855 a multiple of 965?
True
Is 36 a factor of 60102828?
True
Does 67 divide 63072326?
True
Does 1936 divide 2649024928?
True
Does 100 divide 5396571?
False
Is 41 a factor of 19133798?
True
Is 17078418 a multiple of 21?
True
Is 321765529 a multiple of 119?
False
Does 11 divide 409351173?
True
Does 10082 divide 1305054408?
True
Does 13 divide 130976612?
True
Is 13 a factor of 5044681?
False
Is 140 a factor of 445845?
False
Is 26 a factor of 25125438?
True
Is 995734149 a multiple 